60)/8. Let f(o) = o**2 - 3*o + 2. Let b(h) = s*f(h) + 2*c(h). Give b(5).
0
Suppose -4*x + 2*v - 18 = 0, x - 4 = -2*v - 16. Let s(d) = d**2 + 6*d + 5. What is s(x)?
5
Let d(m) be the second derivative of -1/40*m**5 - 1/24*m**4 + 0 - 1/360*m**6 + 0*m**2 - 1/2*m**3 + 3*m. Let c(l) be the second derivative of d(l). Give c(-3).
-1
Let v(m) = m + 0*m**3 - 2*m - m**3. Let g be 1/(-3)*(-3)/(-1). Calculate v(g).
2
Let x(q) be the third derivative of q**5/60 + q**3/6 - 19*q**2. Calculate x(-1).
2
Let z(o) = 2*o - 1. Let g be z(1). Let f(h) = -4*h - 4*h**2 - 21 + 22 + 2*h. Calculate f(g).
-5
Let b(z) = z - 1. Let n = -71 + 66. What is b(n)?
-6
Let a(g) = 2*g - 1. Suppose -n = 2*n. Let i be (4/(-14) - n)*-7. Calculate a(i).
3
Let p be (2 - 6)*(3 + -4). Suppose 0 = -p*a - 5*x + 32, -2*x + 4 = -x. Let b(n) = -n**2 - n + 3. Give b(a).
-9
Let t(o) = -4*o - 1. Let p(j) = -50*j - 12. Let q(g) = -17*g - 4. Let s(r) = -6*p(r) + 17*q(r). Let u(k) = -3*s(k) - 8*t(k). What is u(-4)?
0
Suppose -d - 25 = -5*g, g = -0*g + d + 5. Let b(i) = -i - 2*i**2 + g*i + 3*i**2 + 2*i. What is b(-6)?
0
Let z(a) = -a - 1. Let i(r) = r**3 - 2*r - 2. Let h(c) = i(c) - 3*z(c). Give h(-1).
-1
Let l(j) be the third derivative of j**4/8 - 3*j**3/2 + 17*j**2. What is l(6)?
9
Let q(t) = t**3 - 1. Let y = 64 - 66. Calculate q(y).
-9
Let b(y) = -3*y - 3. Let u(x) = -3*x - 3. Let l(k) = 2*b(k) - 3*u(k). Suppose 5*d + 3 + 12 = 0. Give l(d).
-6
Let j(t) = -3*t. Suppose 3 = -3*i - 6. Let a be 47/3 - (-2)/i. Suppose 6*s = s - a. What is j(s)?
9
Suppose -2*n - 2*n - 8 = 0. Let r(j) = -2. Let v(w) = w + 2. Let h = 11 - 14. Let d(c) = h*r(c) + n*v(c). What is d(4)?
-6
Suppose -1 = 4*c - 5, 0 = 4*w + 5*c - 17. Let a(s) = s**3 - 4*s**2 - 3*s + 2. Calculate a(w).
-16
Let a(b) = -6*b**2 + b**2 + 4*b**2 - 4*b - 4. What is a(-4)?
-4
Suppose 38*h - 15 = 41*h. Let u(y) = -2*y - 2. Determine u(h).
8
Let c(r) = -10*r + 1. Let o = -1 + -6. Let j(u) be the first derivative of -3*u**2/2 - 8. Let k(m) = o*j(m) + 2*c(m). Determine k(2).
4
Let r(q) = -q. Let s be 2/15*3*-5. Let v be 0*s*1/4. Suppose 4 = -v*d - d. What is r(d)?
4
Let k(z) = z**3 + 2*z**2 - 3*z - 3. Let s = -21 + 18. Determine k(s).
-3
Suppose 5*l = 10 + 5. Let m(o) = l*o - o - 1 + 5*o + o. Give m(1).
7
Let q be (1/2)/((-9)/18). Let x(b) = 2*b - 1. Determine x(q).
-3
Let w(g) = -2*g + 5. Suppose -7*x + 30 = -2*x. What is w(x)?
-7
Suppose 0 = -5*u + 5*a + 35, -3*u - 2*u = -2*a - 20. Let j(l) = -2*l**3 + 218*l**u - 217*l**2 - 3*l + 3*l. Give j(2).
-12
Let x(w) = -w**3 - 6*w**2 - 7*w - 7. Suppose 4*c - 8*c - 36 = 0. Let z be (-6)/27 + 43/c. What is x(z)?
3
Let o(v) be the third derivative of v**5/60 - 5*v**4/12 + v**3/3 + 33*v**2. Give o(9).
-7
Let x(t) = t**3 + t**2 + t + 2. Let j(o) = -o**3 - 7*o**2 - 5*o + 6. Let l be j(-6). Determine x(l).
2
Let k(a) = -a**3 + 8*a**2 - 3*a. Let n(q) = -q**3 + 9*q**2 - 2*q - 1. Let u(x) = -4*k(x) + 3*n(x). Determine u(4).
5
Suppose -2*l = 2 + 4. Suppose c - 4*d = -13, d - 10 = 2*c - 3*d. Let t(k) = k + 2*k**2 - 4*k**2 - 3 + 0*k**2 + c*k**2. What is t(l)?
3
Let c(v) = -v**2 - 5*v + 6. Let b = -99 + 94. What is c(b)?
6
Let r(j) = 2*j + j + 2*j - 4*j. Let z(b) = b**2 + b + 1. Let u be z(-1). Give r(u).
1
Let o(g) = 2*g. Let b be 1*-1*(-2 - -3). Let x be b + -1 + 2 - 2. Give o(x).
-4
Let b(i) = i + 2. Let v(y) = 2*y - 8. Let a be v(6). What is b(a)?
6
Suppose 5*p = 0, 5*x = p + 94 + 111. Suppose -5*k + 1 - x = 5*h, 4*k - 3*h = -4. Let c(l) = l**2 + 6*l + 6. Determine c(k).
-2
Let m(p) = p**2 - 7*p + 3. Let k be m(7). Let g(x) = 2*x + k*x - 4 - 4*x. What is g(6)?
2
Let j be (-2)/(-4)*5*(-196)/(-245). Let a(t) = 2*t**2 - 3*t + 1. What is a(j)?
3
Let b(t) = -2 + 2 - 7*t - 6 + 5. What is b(-2)?
13
Let s(k) be the second derivative of -k**6/120 - k**5/12 + k**4/4 + 7*k**3/6 - 3*k**2/2 + 4*k. Let z(p) be the first derivative of s(p). Calculate z(-6).
7
Let t(l) = -l**3 + 11*l**2 - 12*l + 21. Let b be t(10). Let p(m) = 4*m**2 + m. Determine p(b).
5
Let h be (1 - (4 - -1)) + 47. Suppose 5*r + 2 + h = 0. Let d(q) = -q**2 - 9*q. Calculate d(r).
0
Let d(z) = -4*z - 1. Let v be 4/(12/(-9)) + 2. Let t be (5 + v)*(-1)/(-1). Suppose 3 = -t*k + k. Calculate d(k).
3
Let n(y) be the third derivative of -y**5/60 - 5*y**3/6 + y**2. Let s(v) = -v - 12. Let t be s(-12). Give n(t).
-5
Let d = 2 - -3. Let s(o) be the first derivative of o + 4/3*o**3 + 7/2*o**2 - 1/4*o**4 - 3. Determine s(d).
11
Let i(u) = -u**2 + 6*u + 9. Let d(f) = f**3 + 8*f**2 + f + 5. Let q be d(-8). Let n be (q - 2/4)*-2. Give i(n).
2
Let a = -3 + 7. Suppose -w + p = -3, -19 = w + a*p - 2. Let k(n) = -6*n**2. What is k(w)?
-6
Suppose -6*k + 12 = -3*k. Let y(x) = -x + 4. What is y(k)?
0
Let i(k) = -k**3 - 4*k**2 - 3*k. Suppose 0 = 2*r - 5*l + 13, -l + 35 = 3*r + 2*r. Suppose -o = o + r. Let u be i(o). Let h(t) = t**2 - t + 2. Calculate h(u).
2
Let w(g) = -g**2 + 5*g - 5. Suppose 4*l - 4*b - 20 = 0, 0 = -l - 2*b - 1 + 6. Determine w(l).
-5
Let x(s) = s - 4. Let l = -100 + 104. Give x(l).
0
Let r(c) be the third derivative of 0*c - 2/15*c**5 + 0 + 1/6*c**3 + c**2 + 0*c**4. Suppose -12*p + 6 = -18*p. Give r(p).
-7
Let r(x) = x**2 - 1. Let p be r(-2). Suppose p = -0*g - g. Let h be (-12)/(-6)*g/(-2). Let j(f) = -f + 1. Give j(h).
-2
Let h(g) = 4*g**2 + g. Suppose -2*c = 2*c + 36. Let l = c + 8. Determine h(l).
3
Let d(h) be the second derivative of h**4/12 - 2*h**3/3 + h**2/2 + 3*h. Give d(5).
6
Let g(p) = p**2 + 11*p + 20. Let y be g(-8). Let b(l) = -l + 3. Give b(y).
7
Let b(m) = -m**2 - 4*m - 1. Let v be b(-3). Let y(q) = 2*q - 2. Let g(i) = -i + 1. Let d(j) = -7*g(j) - 3*y(j). What is d(v)?
1
Let y(v) = 2*v**2 + v + 1. Let t(m) be the second derivative of -4*m**2 + 0 - 1/6*m**3 - m. Let l be t(-7). Calculate y(l).
2
Let a(c) = -c**2 - 11*c - 5. Suppose 9*l = 10*l + 11. What is a(l)?
-5
Let x(u) = 4*u**2 - 3*u + 6 + 4*u**3 + 2*u**2 - u**2 - 5*u**3. What is x(5)?
-9
Let z(l) = l**2 - l - 1. Let r(u) = -5*u**2 + 4. Let q(t) = r(t) + 3*z(t). Let f(n) be the first derivative of q(n). Give f(-2).
5
Let z be (1/(-1))/(5/15). Let i be (-8 - z)*(-2 - -3). Let c(o) be the third derivative of o**4/24 + 5*o**3/6 + 2*o**2. Give c(i).
0
Let a(g) be the third derivative of g**5/60 + 5*g**4/24 - 13*g**2. Let n be 12/(2/(-1)) - 0. What is a(n)?
6
Let m(y) = 8*y + 87*y**2 - 94*y**2 + 5 - y**3 - 7*y. Let f be (-3 - -2)/(1/7). Calculate m(f).
-2
Let k(d) = 4*d**3 - 25*d**2 - 12*d + 25. Let r(x) = -x**3 + 6*x**2 + 3*x - 6. Let v(m) = 2*k(m) + 9*r(m). Let l be 3*(13/3 - 3). Determine v(l).
8
Let y(h) = 5*h**2 + 2*h + 1. Let m be (-1)/((2/(-3))/((-8)/12)). Calculate y(m).
4
Let l(s) = s**3 - 8*s**2 - 2*s + 10. Let z be (3 + (-11)/5)/(2/20). Give l(z).
-6
Let u = -1 + -46. Let t be (-2)/(-7) + u/(-7). Let z = -2 + t. Let i(k) = -k - 2. What is i(z)?
-7
Suppose 11*m = m. Let q(z) = z**3 - z**2 - z + 5. Calculate q(m).
5
Let j be -2*(2 + (-26)/4). Let y(c) = 5*c + 13. Let m(o) = 11*o + 27. Let f(r) = j*y(r) - 4*m(r). Suppose -17 = 2*x - 9. What is f(x)?
5
Let f(c) = c + 1. Let j be -6*(-1 - -2)*(-1)/2. Calculate f(j).
4
Let u(v) = -v**2 - v + 5. Let j(t) = 2*t**2 + t - 10. Let l(i) = 4*j(i) + 7*u(i). Calculate l(5).
5
Let r(m) be the third derivative of m**5/60 + m**4/24 - 5*m**3/6 - 20*m**2. Determine r(4).
15
Let h(l) = -6*l**2 - l. Let w be (-3)/9 - 2/3. Let u be h(w). Let f(a) = a**3 + 5*a**2 - 2*a - 5. Determine f(u).
5
Let p(d) = -d**2 + 2*d + 1. Suppose 5*y - 15 = -0. What is p(y)?
-2
Let i(h) = -11*h**3 - 3*h + 10. Let b(m) = 7*m**3 + 2*m - 7. Let j(r) = -7*b(r) - 5*i(r). Determine j(1).
6
Let o(q) be the first derivative of -q**3/3 + q**2 - 2*q + 1. Let p(w) = w**2 + 2*w - 1. Let z be p(-3). Let m(j) = 3*j - 4. Let k be m(z). Determine o(k).
-2
Let x(k) = -k + 5. Let o(w) = -3*w + 15. Let a(h) = 6*o(h) - 17*x(h). What is a(8)?
-3
Let b(d) = -123*d - 5*d**3 + 113*d - 11*d**2 + 4*d**3 - 7. Calculate b(-10).
-7
Let m(v) = -9*v**2 + 2*v + 1. Let k = -14 - -13. What is m(k)?
-10
Suppose -4*n - h + 4*h + 9 = 0, 3*h = 2*n - 9. Let w(o) = n*o - 2*o + 3*o + 1. Suppose 7 = -3*b + 4*j, 2*b + 2 = 3*j - 2. Give w(b).
-4
Let o(c) be the first derivative of c**5/60 - c**4/24 - c**2 - 3. Let z(v) be the second derivative of o(v). Determine z(3).
6
Let c(a) = 8*a. Let x be c(2). Suppose n + 3*n - x = 0.